{"id":86,"date":"2011-03-09T16:35:28","date_gmt":"2011-03-09T16:35:28","guid":{"rendered":"http:\/\/localhost\/wordpress\/?page_id=86"},"modified":"2013-01-07T08:42:59","modified_gmt":"2013-01-07T08:42:59","slug":"despre-proiect","status":"publish","type":"page","link":"https:\/\/oportunitatilatineacasa.ucimr.ro\/?page_id=86","title":{"rendered":"Despre proiect"},"content":{"rendered":"<p><strong>Exces Music \u0219i  Uniunea de Crea\u021bie Interpretativ\u0103 a Muzicienilor din Rom\u00e2nia v\u0103 prezint\u0103:<\/strong><\/p>\n<p><strong>OPORTUNIT\u0102\u021aI LA TINE ACAS\u0102<\/strong><\/p>\n<p><img loading=\"lazy\" decoding=\"async\" class=\"aligncenter size-full wp-image-548\" title=\"Picture\" src=\"http:\/\/www.ucimr.ro\/oportunitatilatineacasa\/wp-content\/uploads\/2011\/03\/New-Picture.png\" alt=\"\" width=\"348\" height=\"233\" srcset=\"https:\/\/oportunitatilatineacasa.ucimr.ro\/wp-content\/uploads\/2011\/03\/New-Picture.png 348w, https:\/\/oportunitatilatineacasa.ucimr.ro\/wp-content\/uploads\/2011\/03\/New-Picture-300x200.png 300w\" sizes=\"auto, (max-width: 348px) 100vw, 348px\" \/><\/p>\n<p>Programul na\u021bional anual a fost ini\u021biat \u00een  2009 \u0219i vizeaz\u0103 promovarea tinerilor muzicieni excep\u021bionali, oferindu-le motive  s\u0103-\u0219i cl\u0103deasc\u0103 \u0219i s\u0103-\u0219i desf\u0103\u0219oare activitatea \u00een Rom\u00e2nia.<\/p>\n<p>\u00cen cadrul programului \u201dOportunit\u0103\u021bi la tine  acas\u0103\u201d se deruleaz\u0103 periodic concerte, recitaluri, cursuri, festivaluri,  stagiuni \u0219i concursuri \u00een Bucure\u0219ti, Bra\u0219ov, Cisn\u0103die, Cluj, Gala\u021bi, Ia\u0219i,  Mogo\u0219oaia, Odorheiu Secuiesc, Sibiu, Sinaia, T\u00e2rgu Mure\u0219 etc.. Participarea  tinerilor este remunerat\u0103.<\/p>\n<p>Programul este sprijinit de parteneri din zona  cultural\u0103, dar \u0219i de companii private. Printre principalii parteneri, se  reg\u0103sesc: Filarmonica de Stat din Sibiu, Radio Rom\u00e2nia Cultural, UNMB \u2013  Universitatea Na\u021bional\u0103 de Muzic\u0103 din Bucure\u0219ti, Universitatea Bucure\u0219ti, Casa  de Cultur\u0103 a Studen\u021bilor din T\u00e2rgu Mure\u0219, Prim\u0103ria Municipiului Sibiu \u0219.a.<\/p>\n<p>P\u00e2n\u0103 \u00een prezent, programul \u201dOportunit\u0103\u021bi la  tine acas\u0103\u201d a mobilizat peste 80 de arti\u0219ti, selecta\u021bi din toate zonele \u021b\u0103rii.<\/p>\n<p>Din 2010, \u00een cadrul programului se desf\u0103\u0219oar\u0103  cu succes \u0219i stagiunile pentru reintroducerea \u00een circuit a spa\u021biilor de concert  ie\u0219ite din aten\u021bia publicului, precum sala Palatului \u201dPele\u0219\u201d din Sinaia,  Palatele Domne\u0219ti din Moldova, salinele din Rom\u00e2nia, sala de spectacole a Casei Universitarilor din Bucure\u0219ti etc.<\/p>\n<p>&nbsp;<\/p>\n<table border=\"0\" cellspacing=\"0\" cellpadding=\"5\" width=\"100%\">\n<tbody>\n<tr>\n<td align=\"center\"><img loading=\"lazy\" decoding=\"async\" class=\"aligncenter size-full wp-image-549\" title=\"Picture (1)\" src=\"http:\/\/www.ucimr.ro\/oportunitatilatineacasa\/wp-content\/uploads\/2011\/03\/New-Picture-1.png\" alt=\"\" width=\"214\" height=\"144\" srcset=\"https:\/\/oportunitatilatineacasa.ucimr.ro\/wp-content\/uploads\/2011\/03\/New-Picture-1.png 309w, https:\/\/oportunitatilatineacasa.ucimr.ro\/wp-content\/uploads\/2011\/03\/New-Picture-1-300x200.png 300w\" sizes=\"auto, (max-width: 214px) 100vw, 214px\" \/><\/td>\n<td align=\"center\"><img loading=\"lazy\" decoding=\"async\" class=\"aligncenter size-full wp-image-550\" title=\"Picture\" src=\"http:\/\/www.ucimr.ro\/oportunitatilatineacasa\/wp-content\/uploads\/2011\/03\/New-Picture-2.png\" alt=\"\" width=\"214\" height=\"144\" srcset=\"https:\/\/oportunitatilatineacasa.ucimr.ro\/wp-content\/uploads\/2011\/03\/New-Picture-2.png 309w, https:\/\/oportunitatilatineacasa.ucimr.ro\/wp-content\/uploads\/2011\/03\/New-Picture-2-300x200.png 300w\" sizes=\"auto, (max-width: 214px) 100vw, 214px\" \/><\/td>\n<td align=\"center\"><img loading=\"lazy\" decoding=\"async\" class=\"aligncenter size-full wp-image-551\" title=\"Picture (3)\" src=\"http:\/\/www.ucimr.ro\/oportunitatilatineacasa\/wp-content\/uploads\/2011\/03\/New-Picture-3.png\" alt=\"\" width=\"214\" height=\"144\" srcset=\"https:\/\/oportunitatilatineacasa.ucimr.ro\/wp-content\/uploads\/2011\/03\/New-Picture-3.png 308w, https:\/\/oportunitatilatineacasa.ucimr.ro\/wp-content\/uploads\/2011\/03\/New-Picture-3-300x200.png 300w\" sizes=\"auto, (max-width: 214px) 100vw, 214px\" \/><\/td>\n<\/tr>\n<\/tbody>\n<\/table>\n<p>&nbsp;<\/p>\n<p>V\u0103 invit\u0103m s\u0103 descoperi\u021bi mai multe pe <a href=\"http:\/\/www.ucimr.ro\/oportunitatilatineacasa\">http:\/\/www.ucimr.ro\/oportunitatilatineacasa<\/a><\/p>\n<p>&nbsp;<\/p>\n<p style=\"text-align: center;\"><strong>C\u00e2teva din proiectele anuale OTA<\/strong><\/p>\n<p><strong> <\/strong><\/p>\n<table border=\"0\" cellspacing=\"0\" cellpadding=\"5\" width=\"100%\">\n<tbody>\n<tr>\n<td align=\"center\"><img loading=\"lazy\" decoding=\"async\" class=\"size-full wp-image-552 aligncenter\" title=\"Picture (4)\" src=\"http:\/\/www.ucimr.ro\/oportunitatilatineacasa\/wp-content\/uploads\/2011\/03\/New-Picture-4.png\" alt=\"\" width=\"140\" height=\"140\" \/><\/td>\n<\/tr>\n<\/tbody>\n<\/table>\n<p>&nbsp;<\/p>\n<p><strong>Stagiunea \u201dPrietenii muzicii la Universitatea Bucure\u0219ti\u201d<\/strong> \u2013 concerte lunare de jazz \u0219i muzic\u0103 de camer\u0103, derulate \u00een Sala de  spectacole a Casei Universitarilor, \u00eencep\u00e2nd din noiembrie 2009<\/p>\n<table border=\"0\" cellspacing=\"0\" cellpadding=\"5\" width=\"100%\">\n<tbody>\n<tr>\n<td align=\"center\"><img loading=\"lazy\" decoding=\"async\" class=\"aligncenter size-full wp-image-553\" title=\"Picture (5)\" src=\"http:\/\/www.ucimr.ro\/oportunitatilatineacasa\/wp-content\/uploads\/2011\/03\/New-Picture-5.png\" alt=\"\" width=\"158\" height=\"222\" \/><\/td>\n<td align=\"center\"><img loading=\"lazy\" decoding=\"async\" class=\"aligncenter size-full wp-image-554\" title=\"Picture (6)\" src=\"http:\/\/www.ucimr.ro\/oportunitatilatineacasa\/wp-content\/uploads\/2011\/03\/New-Picture-6.png\" alt=\"\" width=\"313\" height=\"223\" srcset=\"https:\/\/oportunitatilatineacasa.ucimr.ro\/wp-content\/uploads\/2011\/03\/New-Picture-6.png 447w, https:\/\/oportunitatilatineacasa.ucimr.ro\/wp-content\/uploads\/2011\/03\/New-Picture-6-300x213.png 300w\" sizes=\"auto, (max-width: 313px) 100vw, 313px\" \/><\/td>\n<td><img loading=\"lazy\" decoding=\"async\" class=\"aligncenter size-full wp-image-575\" title=\"Picture (7)\" src=\"http:\/\/www.ucimr.ro\/oportunitatilatineacasa\/wp-content\/uploads\/2011\/03\/New-Picture-71.png\" alt=\"\" width=\"158\" height=\"222\" \/><\/td>\n<\/tr>\n<\/tbody>\n<\/table>\n<p>&nbsp;<\/p>\n<p><strong>Emisiunea  Concurs \u201dDrumul spre Celebritate\u201d<\/strong>, \u00eencep\u00e2nd din ianuarie  2010<\/p>\n<table border=\"0\" cellspacing=\"0\" cellpadding=\"5\" width=\"100%\">\n<tbody>\n<tr>\n<td align=\"center\"><img loading=\"lazy\" decoding=\"async\" class=\"aligncenter size-full wp-image-556\" title=\"Picture (8)\" src=\"http:\/\/www.ucimr.ro\/oportunitatilatineacasa\/wp-content\/uploads\/2011\/03\/New-Picture-8.png\" alt=\"\" width=\"214\" height=\"144\" \/><\/td>\n<td align=\"center\"><img loading=\"lazy\" decoding=\"async\" class=\"aligncenter size-full wp-image-557\" title=\"Picture (9)\" src=\"http:\/\/www.ucimr.ro\/oportunitatilatineacasa\/wp-content\/uploads\/2011\/03\/New-Picture-9.png\" alt=\"\" width=\"214\" height=\"144\" \/><\/td>\n<td align=\"center\"><img loading=\"lazy\" decoding=\"async\" class=\"aligncenter size-full wp-image-558\" title=\"Picture (10)\" src=\"http:\/\/www.ucimr.ro\/oportunitatilatineacasa\/wp-content\/uploads\/2011\/03\/New-Picture-10.png\" alt=\"\" width=\"214\" height=\"144\" \/><\/td>\n<\/tr>\n<\/tbody>\n<\/table>\n<p>&nbsp;<\/p>\n<p><strong>Stagiunea  \u201dSunetul muzicii\u201d<\/strong> \u2013 concerte lunare de muzic\u0103 de  camer\u0103, g\u0103zduite \u00een Salonul de muzic\u0103 al\u00a0  Palatului Pele\u0219 din Sinaia, \u00eencep\u00e2nd din februarie 2010<\/p>\n<table border=\"0\" cellspacing=\"0\" cellpadding=\"5\" width=\"100%\">\n<tbody>\n<tr>\n<td align=\"center\"><img loading=\"lazy\" decoding=\"async\" class=\"aligncenter size-full wp-image-559\" title=\"Picture (11)\" src=\"http:\/\/www.ucimr.ro\/oportunitatilatineacasa\/wp-content\/uploads\/2011\/03\/New-Picture-11.png\" alt=\"\" width=\"214\" height=\"144\" \/><\/td>\n<td align=\"center\"><img loading=\"lazy\" decoding=\"async\" class=\"aligncenter size-full wp-image-560\" title=\"Picture (12)\" src=\"http:\/\/www.ucimr.ro\/oportunitatilatineacasa\/wp-content\/uploads\/2011\/03\/New-Picture-12.png\" alt=\"\" width=\"194\" height=\"274\" srcset=\"https:\/\/oportunitatilatineacasa.ucimr.ro\/wp-content\/uploads\/2011\/03\/New-Picture-12.png 243w, https:\/\/oportunitatilatineacasa.ucimr.ro\/wp-content\/uploads\/2011\/03\/New-Picture-12-213x300.png 213w\" sizes=\"auto, (max-width: 194px) 100vw, 194px\" \/><\/td>\n<td align=\"center\"><img loading=\"lazy\" decoding=\"async\" class=\"aligncenter size-full wp-image-561\" title=\"Picture (13)\" src=\"http:\/\/www.ucimr.ro\/oportunitatilatineacasa\/wp-content\/uploads\/2011\/03\/New-Picture-13.png\" alt=\"\" width=\"214\" height=\"144\" \/><\/td>\n<\/tr>\n<\/tbody>\n<\/table>\n<p style=\"text-align: center;\">&nbsp;<\/p>\n<p style=\"text-align: center;\"><strong>Turnee na\u021bionale<\/strong><\/p>\n<table border=\"0\" cellspacing=\"0\" cellpadding=\"5\" width=\"100%\">\n<tbody>\n<tr>\n<td align=\"center\"><img loading=\"lazy\" decoding=\"async\" class=\"aligncenter size-full wp-image-562\" title=\"Picture (14)\" src=\"http:\/\/www.ucimr.ro\/oportunitatilatineacasa\/wp-content\/uploads\/2011\/03\/New-Picture-14.png\" alt=\"\" width=\"139\" height=\"194\" srcset=\"https:\/\/oportunitatilatineacasa.ucimr.ro\/wp-content\/uploads\/2011\/03\/New-Picture-14.png 218w, https:\/\/oportunitatilatineacasa.ucimr.ro\/wp-content\/uploads\/2011\/03\/New-Picture-14-215x300.png 215w\" sizes=\"auto, (max-width: 139px) 100vw, 139px\" \/><\/td>\n<td align=\"center\"><img loading=\"lazy\" decoding=\"async\" class=\"aligncenter size-full wp-image-563\" title=\"Picture (15)\" src=\"http:\/\/www.ucimr.ro\/oportunitatilatineacasa\/wp-content\/uploads\/2011\/03\/New-Picture-15.png\" alt=\"\" width=\"139\" height=\"194\" srcset=\"https:\/\/oportunitatilatineacasa.ucimr.ro\/wp-content\/uploads\/2011\/03\/New-Picture-15.png 217w, https:\/\/oportunitatilatineacasa.ucimr.ro\/wp-content\/uploads\/2011\/03\/New-Picture-15-215x300.png 215w\" sizes=\"auto, (max-width: 139px) 100vw, 139px\" \/><\/td>\n<td align=\"center\"><img loading=\"lazy\" decoding=\"async\" class=\"aligncenter size-full wp-image-564\" title=\"Picture (16)\" src=\"http:\/\/www.ucimr.ro\/oportunitatilatineacasa\/wp-content\/uploads\/2011\/03\/New-Picture-16.png\" alt=\"\" width=\"145\" height=\"202\" srcset=\"https:\/\/oportunitatilatineacasa.ucimr.ro\/wp-content\/uploads\/2011\/03\/New-Picture-16.png 226w, https:\/\/oportunitatilatineacasa.ucimr.ro\/wp-content\/uploads\/2011\/03\/New-Picture-16-215x300.png 215w\" sizes=\"auto, (max-width: 145px) 100vw, 145px\" \/><\/td>\n<td align=\"center\"><img loading=\"lazy\" decoding=\"async\" class=\"aligncenter size-full wp-image-565\" title=\"Picture (17)\" src=\"http:\/\/www.ucimr.ro\/oportunitatilatineacasa\/wp-content\/uploads\/2011\/03\/New-Picture-17.png\" alt=\"\" width=\"146\" height=\"204\" srcset=\"https:\/\/oportunitatilatineacasa.ucimr.ro\/wp-content\/uploads\/2011\/03\/New-Picture-17.png 229w, https:\/\/oportunitatilatineacasa.ucimr.ro\/wp-content\/uploads\/2011\/03\/New-Picture-17-215x300.png 215w\" sizes=\"auto, (max-width: 146px) 100vw, 146px\" \/><\/td>\n<\/tr>\n<\/tbody>\n<\/table>\n<p>&nbsp;<\/p>\n<p style=\"text-align: center;\"><strong>Alte evenimente<\/strong><\/p>\n<table border=\"0\" cellspacing=\"0\" cellpadding=\"5\" width=\"100%\">\n<tbody>\n<tr>\n<td align=\"center\"><img loading=\"lazy\" decoding=\"async\" class=\"aligncenter size-full wp-image-566\" title=\"Picture (18)\" src=\"http:\/\/www.ucimr.ro\/oportunitatilatineacasa\/wp-content\/uploads\/2011\/03\/New-Picture-18.png\" alt=\"\" width=\"139\" height=\"194\" \/><\/td>\n<td align=\"center\"><img loading=\"lazy\" decoding=\"async\" class=\"aligncenter size-full wp-image-567\" title=\"Picture (19)\" src=\"http:\/\/www.ucimr.ro\/oportunitatilatineacasa\/wp-content\/uploads\/2011\/03\/New-Picture-19.png\" alt=\"\" width=\"139\" height=\"194\" srcset=\"https:\/\/oportunitatilatineacasa.ucimr.ro\/wp-content\/uploads\/2011\/03\/New-Picture-19.png 217w, https:\/\/oportunitatilatineacasa.ucimr.ro\/wp-content\/uploads\/2011\/03\/New-Picture-19-214x300.png 214w\" sizes=\"auto, (max-width: 139px) 100vw, 139px\" \/><\/td>\n<td align=\"center\"><img loading=\"lazy\" decoding=\"async\" class=\"aligncenter size-full wp-image-568\" title=\"Picture (20)\" src=\"http:\/\/www.ucimr.ro\/oportunitatilatineacasa\/wp-content\/uploads\/2011\/03\/New-Picture-20.png\" alt=\"\" width=\"139\" height=\"194\" srcset=\"https:\/\/oportunitatilatineacasa.ucimr.ro\/wp-content\/uploads\/2011\/03\/New-Picture-20.png 221w, https:\/\/oportunitatilatineacasa.ucimr.ro\/wp-content\/uploads\/2011\/03\/New-Picture-20-214x300.png 214w\" sizes=\"auto, (max-width: 139px) 100vw, 139px\" \/><\/td>\n<td align=\"center\"><img loading=\"lazy\" decoding=\"async\" class=\"aligncenter size-full wp-image-569\" title=\"Picture (21)\" src=\"http:\/\/www.ucimr.ro\/oportunitatilatineacasa\/wp-content\/uploads\/2011\/03\/New-Picture-21.png\" alt=\"\" width=\"139\" height=\"194\" \/><\/td>\n<\/tr>\n<tr>\n<td align=\"center\"><img loading=\"lazy\" decoding=\"async\" class=\"aligncenter size-full wp-image-570\" title=\"Picture (22)\" src=\"http:\/\/www.ucimr.ro\/oportunitatilatineacasa\/wp-content\/uploads\/2011\/03\/New-Picture-22.png\" alt=\"\" width=\"139\" height=\"194\" \/><\/td>\n<td align=\"center\"><img loading=\"lazy\" decoding=\"async\" class=\"aligncenter size-full wp-image-576\" title=\"Picture (23)\" src=\"http:\/\/www.ucimr.ro\/oportunitatilatineacasa\/wp-content\/uploads\/2011\/03\/New-Picture-23.png\" alt=\"\" width=\"139\" height=\"194\" \/><\/td>\n<td align=\"center\"><img loading=\"lazy\" decoding=\"async\" class=\"aligncenter size-full wp-image-577\" title=\"Picture (24)\" src=\"http:\/\/www.ucimr.ro\/oportunitatilatineacasa\/wp-content\/uploads\/2011\/03\/New-Picture-24.png\" alt=\"\" width=\"139\" height=\"194\" \/><\/td>\n<td align=\"center\"><img loading=\"lazy\" decoding=\"async\" class=\"aligncenter size-full wp-image-578\" title=\"Picture (25)\" src=\"http:\/\/www.ucimr.ro\/oportunitatilatineacasa\/wp-content\/uploads\/2011\/03\/New-Picture-25.png\" alt=\"\" width=\"139\" height=\"194\" \/><\/td>\n<\/tr>\n<\/tbody>\n<\/table>\n<p>&nbsp;<\/p>\n<p><strong>Parteneri <\/strong><\/p>\n<p>Radio Rom\u00e2nia Cultural, Radio  T\u00e2rgu Mure\u0219, Activ  EfEm, Profil  Cultural, \u0218apte  Seri, Zile \u0219i  Nop\u021bi, BV 24  Fun, Metropotam.ro, Evenimentestudentesti.ro, Liternet.ro, Port.ro, Observator  Cultural, N24  Plus, Universitatea  Na\u021bional\u0103 de Muzic\u0103 Bucure\u0219ti, Centrul  Cultural Palatele Br\u00e2ncovene\u0219ti \u2013 Mogo\u0219oaia, Muzeul  Na\u021bional de Art\u0103 al Rom\u00e2niei, Muzeul  Na\u021bional Pele\u0219, Universitatea  Bucure\u0219ti, Societatea  Na\u021bional\u0103 a S\u0103rii, Continental  Hotels, IBIS  Hotels<\/p>\n<p>&nbsp;<\/p>\n","protected":false},"excerpt":{"rendered":"<p>Exces Music \u0219i Uniunea de Crea\u021bie Interpretativ\u0103 a Muzicienilor din Rom\u00e2nia v\u0103 prezint\u0103: OPORTUNIT\u0102\u021aI LA TINE ACAS\u0102 Programul na\u021bional anual a fost ini\u021biat \u00een 2009 \u0219i vizeaz\u0103 promovarea tinerilor muzicieni [&hellip;]<\/p>\n","protected":false},"author":1,"featured_media":0,"parent":0,"menu_order":0,"comment_status":"open","ping_status":"open","template":"","meta":{"footnotes":""},"class_list":["post-86","page","type-page","status-publish","hentry"],"_links":{"self":[{"href":"https:\/\/oportunitatilatineacasa.ucimr.ro\/index.php?rest_route=\/wp\/v2\/pages\/86","targetHints":{"allow":["GET"]}}],"collection":[{"href":"https:\/\/oportunitatilatineacasa.ucimr.ro\/index.php?rest_route=\/wp\/v2\/pages"}],"about":[{"href":"https:\/\/oportunitatilatineacasa.ucimr.ro\/index.php?rest_route=\/wp\/v2\/types\/page"}],"author":[{"embeddable":true,"href":"https:\/\/oportunitatilatineacasa.ucimr.ro\/index.php?rest_route=\/wp\/v2\/users\/1"}],"replies":[{"embeddable":true,"href":"https:\/\/oportunitatilatineacasa.ucimr.ro\/index.php?rest_route=%2Fwp%2Fv2%2Fcomments&post=86"}],"version-history":[{"count":14,"href":"https:\/\/oportunitatilatineacasa.ucimr.ro\/index.php?rest_route=\/wp\/v2\/pages\/86\/revisions"}],"predecessor-version":[{"id":581,"href":"https:\/\/oportunitatilatineacasa.ucimr.ro\/index.php?rest_route=\/wp\/v2\/pages\/86\/revisions\/581"}],"wp:attachment":[{"href":"https:\/\/oportunitatilatineacasa.ucimr.ro\/index.php?rest_route=%2Fwp%2Fv2%2Fmedia&parent=86"}],"curies":[{"name":"wp","href":"https:\/\/api.w.org\/{rel}","templated":true}]}}